 common factor of 20986362 and 18.
18
Calculate the highest common divisor of 352 and 5192.
88
Calculate the greatest common divisor of 3762 and 722.
38
Calculate the greatest common factor of 926115 and 58.
29
What is the greatest common divisor of 1090 and 460?
10
What is the highest common factor of 417537 and 1224?
153
What is the greatest common divisor of 54 and 5625?
9
What is the greatest common divisor of 620 and 1705?
155
What is the greatest common factor of 1106910 and 990?
90
What is the greatest common factor of 23 and 129145?
23
Calculate the highest common factor of 41 and 4018.
41
Calculate the greatest common factor of 136746 and 426.
426
Calculate the highest common factor of 1683 and 180693.
153
What is the highest common divisor of 261952 and 192?
64
What is the greatest common divisor of 2880 and 6120?
360
What is the highest common divisor of 14586 and 1914?
66
What is the greatest common divisor of 29248 and 224?
32
Calculate the greatest common factor of 1630048 and 76.
76
Calculate the greatest common divisor of 71 and 395967.
71
Calculate the highest common factor of 228 and 167604.
12
What is the greatest common factor of 817 and 12141?
19
Calculate the highest common divisor of 330 and 40116.
6
What is the highest common factor of 21 and 4646208?
21
What is the greatest common factor of 232 and 49329?
29
What is the greatest common factor of 2662 and 5258?
22
What is the greatest common factor of 3 and 996129?
3
What is the greatest common divisor of 19 and 13777014?
19
What is the highest common factor of 94737 and 184?
23
What is the highest common factor of 148359 and 102?
51
Calculate the greatest common factor of 518 and 7574.
14
Calculate the greatest common factor of 113 and 174359.
113
What is the highest common factor of 11506 and 2?
2
Calculate the highest common divisor of 246075 and 425.
425
What is the highest common divisor of 42444 and 24?
12
Calculate the greatest common divisor of 14552 and 18.
2
Calculate the highest common divisor of 1819 and 16745.
17
What is the highest common divisor of 254592 and 26?
26
Calculate the greatest common factor of 1748631 and 206.
103
Calculate the highest common divisor of 316 and 55695.
79
What is the highest common divisor of 7889 and 637?
49
Calculate the highest common factor of 5 and 888935.
5
Calculate the highest common factor of 206 and 3112.
2
What is the greatest common divisor of 251769 and 7?
7
Calculate the highest common factor of 8063 and 33.
11
What is the highest common divisor of 95214 and 72?
6
What is the greatest common divisor of 95152 and 3192?
152
Calculate the greatest common divisor of 49056 and 8.
8
Calculate the greatest common divisor of 312 and 308308.
52
Calculate the highest common divisor of 2783817 and 9.
9
Calculate the greatest common factor of 1089 and 380787.
363
What is the highest common factor of 7140 and 60375?
105
What is the highest common factor of 48 and 19086?
6
What is the highest common divisor of 9086 and 55?
11
Calculate the highest common factor of 392 and 856226.
98
Calculate the highest common factor of 68 and 510.
34
What is the greatest common divisor of 13588 and 2021?
43
Calculate the greatest common divisor of 286 and 1056.
22
Calculate the greatest common divisor of 181246 and 26.
26
Calculate the greatest common factor of 1 and 85198.
1
Calculate the greatest common divisor of 2954090 and 34.
34
Calculate the highest common factor of 160 and 4510.
10
What is the greatest common divisor of 3882213 and 73?
73
What is the highest common factor of 3014 and 726?
22
Calculate the greatest common factor of 670075 and 980.
245
Calculate the greatest common divisor of 948 and 138882.
474
What is the greatest common factor of 2852 and 30452?
92
What is the greatest common factor of 74356 and 108?
4
What is the greatest common factor of 2962029 and 714?
357
What is the highest common divisor of 4440 and 372?
12
Calculate the greatest common factor of 132305 and 705.
235
What is the highest common factor of 83 and 2393471?
83
What is the greatest common factor of 112864 and 320?
32
Calculate the greatest common divisor of 1741790 and 920.
230
Calculate the highest common divisor of 99 and 180455.
11
What is the greatest common divisor of 2847 and 8103?
219
Calculate the highest common divisor of 24 and 4302492.
12
What is the greatest common factor of 50 and 8641800?
50
What is the highest common divisor of 299907 and 4653?
423
Calculate the greatest common factor of 188 and 712.
4
Calculate the greatest common factor of 28 and 3971324.
28
Calculate the greatest common divisor of 32 and 5374848.
32
Calculate the highest common factor of 1778 and 2856.
14
Calculate the highest common divisor of 10905 and 15.
15
Calculate the highest common factor of 24 and 36.
12
Calculate the highest common factor of 1105 and 2795.
65
What is the highest common divisor of 15540 and 5883?
111
Calculate the greatest common factor of 130 and 2920801.
13
Calculate the greatest common divisor of 51 and 13141.
17
Calculate the greatest common factor of 45559 and 58.
29
Calculate the greatest common divisor of 182 and 13762.
14
Calculate the highest common factor of 6435 and 10439.
143
Calculate the highest common divisor of 10440 and 108.
36
What is the highest common factor of 1771 and 736?
23
What is the greatest common divisor of 284 and 8107348?
284
Calculate the greatest common divisor of 4662 and 112140.
126
What is the highest common factor of 944 and 312544?
16
Calculate the highest common factor of 196489 and 23.
23
What is the greatest common divisor of 12 and 2778?
6
Calculate the highest common factor of 1085 and 1326955.
1085
Calculate the greatest common factor of 1627124 and 1016.
508
Calculate the highest common divisor of 16523 and 369.
41
Calculate the highest common factor of 1128 and 126712.
376
Calculate the greatest common factor of 16 and 973136.
16
What is the greatest common factor of 232696 and 34?
34
Calculate the greatest common divisor of 47454 and 726.
66
Calculate the greatest common factor of 300 and 21675.
75
What is the highest common divisor of 177374 and 1048?
262
What is the greatest common factor of 23 and 34063?
23
Calculate the highest common divisor of 480 and 102.
6
Calculate the highest common divisor of 2697 and 13299.
93
What is the highest common factor of 843315 and 30?
15
Calculate the greatest common factor of 1037142 and 6.
6
Calculate the greatest common factor of 400 and 2432400.
400
Calculate the greatest common divisor of 611352 and 112.
56
What is the greatest common factor of 5056 and 736?
32
What is the greatest common factor of 2564113 and 687?
229
Calculate the greatest common factor of 27 and 3701403.
27
Calculate the highest common factor of 398147 and 107.
107
What is the greatest common factor of 454964 and 856?
428
Calculate the highest common factor of 308919 and 9256.
1157
What is the greatest common factor of 115 and 112171?
23
Calculate the greatest common factor of 653925 and 50.
25
What is the greatest common factor of 13 and 35659?
13
What is the greatest common divisor of 6762910 and 42?
14
What is the greatest common divisor of 455 and 176995?
455
Calculate the greatest common divisor of 44 and 416.
4
Calculate the greatest common divisor of 57627 and 2356.
19
Calculate the greatest common factor of 561756 and 676.
676
What is the greatest common divisor of 33196 and 10036?
772
Calculate the greatest common divisor of 169 and 12965173.
169
Calculate the highest common divisor of 76 and 798988.
76
What is the highest common factor of 19770 and 120?
30
What is the highest common divisor of 849 and 75?
3
What is the highest common factor of 70 and 875960?
10
What is the greatest common divisor of 1280 and 4320?
160
What is the greatest common divisor of 7660191 and 33?
33
What is the greatest common divisor of 77170 and 10?
10
Calculate the highest common factor of 190880 and 4640.
160
What is the greatest common divisor of 805752 and 180?
36
What is the greatest common divisor of 4315 and 270119?
863
Calculate the greatest common factor of 5831 and 901.
17
What is the greatest common divisor of 2560 and 1445?
5
Calculate the greatest common factor of 652475 and 2